11).
2, 7, 13
Let t(a) = a**3 + 11*a**2 + 2*a - 14. Let d be t(-7). Suppose -4*k + 0*k - 4*k = 0. Suppose k = -h + d + 56. What are the prime factors of h?
2, 7
Let i be 136/(-32)*1*-2*-12. Let g be (i/(-4 - -6))/(-1). Let c = 72 - g. What are the prime factors of c?
3, 7
Let z be ((-8)/(-3) - 0)*77865/580. Let s be -4 - (-4 + -3 + -97). Let j = z - s. What are the prime factors of j?
2, 3, 43
Let m(b) = 143*b**2 + 33*b + 101. What are the prime factors of m(10)?
14731
Suppose -x + 2*n + 60801 = 0, 32*x - 28*x + 5*n = 243126. List the prime factors of x.
3, 23, 881
Let o(z) = -z**2 - 13*z - 36. Let f be o(-4). Suppose 2*u + 6*u - 4112 = f. List the prime factors of u.
2, 257
Let u be ((-14)/6 + 3)*84/8. Suppose -r - 426 = -u*c + 5*c, 1065 = 5*c - 3*r. What are the prime factors of c?
3, 71
Let q(k) = 3*k - 14. Let w be q(6). Suppose 0 = w*l - 3*f - 1934, -2*f = -3*l + l + 968. List the prime factors of l.
2, 241
Let d(k) = 73*k**2 + 191*k - 1125. What are the prime factors of d(6)?
3, 883
Suppose -14*t + 17*t + 5*q = 30, -5*t = -3*q - 16. Suppose g - 152 = -0*g + t*u, 5*g + u = 864. List the prime factors of g.
2, 43
Let g(s) = -s**2 + 14*s + 21. Let b = -25 - -40. Let a be g(b). List the prime factors of (-15)/45 + 284/a.
47
Suppose -4*r - 4*y - 11027 = -47039, 5*y + 27009 = 3*r. List the prime factors of r.
3, 3001
Suppose 4*r + 3*q - 426 = r, 0 = -4*r - 3*q + 563. Suppose 5*o - 5 = 0, 2*v = 2*o - 3*o + 89. Let i = r - v. What are the prime factors of i?
3, 31
Let f(c) = -362*c + 3698. List the prime factors of f(7).
2, 3, 97
Suppose 7968 = 3*b - 12*h, -b - 8046 = -4*b - h. What are the prime factors of b?
2, 5, 67
Suppose k - 32 = 9*k. Let b be 0/(-9)*(1 + 6/k). Let x(p) = p**2 - 4*p + 60. List the prime factors of x(b).
2, 3, 5
Let i be (-3)/((-10983)/(-3668) + -3). Suppose -12*v + 10*v + i = 0. List the prime factors of v.
2, 131
Suppose 5*z - 8105 - 5358 - 4617 = 0. What are the prime factors of z?
2, 113
Suppose 69*w - 595*w = -16540596. What are the prime factors of w?
2, 3, 1747
Let h(d) = -d**3 - 13*d**2 + 12*d - 23. Let o be h(-14). Suppose -1140 = -o*s - 2*j, -12*j - 653 = -3*s - 7*j. List the prime factors of s.
2, 113
Suppose -r - h = 144, -136*r + 135*r - 129 = -2*h. Let a(m) = 15*m - 7. Let v be a(-5). Let c = v - r. What are the prime factors of c?
3, 19
Suppose 3*v = -2*q + 16, 4*v - 3*q - 18 = -5*q. List the prime factors of v*((-1743)/(-35) + 2/10).
2, 5
Suppose -16*k + 66 = 2. Suppose 0 = -5*c + 3*r + 767, -k*c = -2*r + 3*r - 600. Let j = -88 + c. List the prime factors of j.
3, 7
Let z be (-22)/(-55)*30 - 10. Suppose 0 = 5*k - 9 - 1. Suppose k*p + z*p = 204. What are the prime factors of p?
3, 17
Suppose 4 = x, 2*r + 5*x - 12 = -0. Let s(o) = o**2 + 1. Let v(k) = -k**3 - 14*k**2 - 19*k - 27. Let m(l) = r*s(l) - v(l). What are the prime factors of m(-7)?
37
Let r(g) = -4*g + 8*g - 27*g - 6*g - 106. What are the prime factors of r(-27)?
677
Suppose -34*m = -35*m + 3. Suppose -3*d + m*j = -63, -3*j - 21 = d - 2*d. What are the prime factors of (-2730)/d*(-6)/4?
3, 5, 13
Let i(o) = -o + 2. Let b be i(-19). Suppose 6*t + t = -b. What are the prime factors of 55 + 2 + -1 + 6 + t?
59
Let r = -30 - -218. Let i = 412 - r. List the prime factors of i.
2, 7
Let k = 104855 - 50453. List the prime factors of k.
2, 3, 9067
Let u be (-12)/1 - (1 - (-3)/(-3)). Let i be 62*56/32*u/(-14). Suppose y - i = -0*y. What are the prime factors of y?
3, 31
Let j = -17674 + 19058. What are the prime factors of j?
2, 173
Let d(y) = 11*y + 12. Let k be d(-15). Let b = -54 - k. List the prime factors of b.
3, 11
Let a = -274 + 248. List the prime factors of 238/18 - a/(-117).
13
Let j(d) = -d**3 - 10*d**2 - 10*d - 13. Let r be j(-9). Let w be -4*-83*r/8. Let t = w - -234. What are the prime factors of t?
2, 17
Suppose 5*j - 5*x = -720, 20*x - 282 = 2*j + 24*x. What are the prime factors of (-18)/33 - 149799/j?
3, 349
Let n(y) = -59*y + 0*y**2 + 52*y + y**2 + 47. Let r be (-273)/(-7)*((-4)/(-3))/4. List the prime factors of n(r).
5
Let r be 14/(-3) - (-2)/3*1. List the prime factors of (0 - 3894/r)*8/12.
11, 59
Let m = -69 + 74. Suppose 16*p = m*p + 3751. List the prime factors of p.
11, 31
Let j = 25895 - -1209. What are the prime factors of j?
2, 7, 11
Suppose 0 = -2*t - 2*g + 32142, -11*t - 5*g = -13*t + 32170. List the prime factors of t.
5, 643
Let g be ((-76)/(-8) + -9)*(638 - -2). Let w = -161 + g. What are the prime factors of w?
3, 53
Let c(s) = -5 - 4*s**3 + 6*s + 2*s**2 - 4 - 5 + 0*s + 15. List the prime factors of c(-4).
5, 53
Let i = -612 + 401. Let y = 335 + i. List the prime factors of y.
2, 31
Let z be 533/(-2) - 1/2. Let x(f) = 189*f - 1100. Let g be x(5). Let q = g - z. What are the prime factors of q?
2, 7
Let q(i) = -13*i - 19. Let g(l) = -27*l - 39. Let d(o) = -6*g(o) + 13*q(o). Let h be d(-2). Let c(j) = 68*j**2 + j + 2. What are the prime factors of c(h)?
71
Suppose -20 = 4*b, -3*x + 3*b = -19867 + 7360. Suppose 2*w = -25*o + 24*o + 1037, -x = -4*o - 4*w. What are the prime factors of o?
5, 11, 19
Let h = 51 - 50. What are the prime factors of (9/((-108)/(-64)))/(h/84)?
2, 7
Suppose z + 4 = 0, -w + z - 4 = -301. Let j = w + 58. List the prime factors of j.
3, 13
Suppose 40*n - 12 = 37*n. Suppose n*z - 71 = 1777. What are the prime factors of z?
2, 3, 7, 11
Suppose -23 = -5*n - 3. Suppose -6*g = -n*g - 684. Suppose 230 = 2*t + 4*y, -3*y + g = 4*t - 93. What are the prime factors of t?
3, 5, 7
Let w(i) be the first derivative of -67*i**2 + 51*i - 37. List the prime factors of w(-4).
587
Let n be (-38936)/(-20) - 12/(-10). Suppose 0 = -15*w + 2762 + n. List the prime factors of w.
2, 157
What are the prime factors of -4 + (-2 + (-715374)/(-8) - (-48)/192)?
2, 11177
Suppose 0 = -z - 5*g - 4288, -z = 2*g + 5766 - 1481. Let j = -2800 - z. List the prime factors of j.
1483
Suppose -2*s - 3*w + 480 = s, -4*w + 477 = 3*s. Let f = s - 59. Suppose -8*l = -10*l + f. List the prime factors of l.
2, 13
Let q(f) = 32*f**2 + 71*f - 3961. What are the prime factors of q(37)?
2, 3, 7079
Suppose 7*p - 11*p = -2784. Suppose x = -4, 0 = 4*j + x - 0*x - p. What are the prime factors of j?
5, 7
Let u(n) = -936*n - 2057. What are the prime factors of u(-4)?
7, 241
Let g(k) = -k**3 - 20*k**2 + 45*k + 26. Let i be g(-22). Suppose i*b - 417 = 911. List the prime factors of b.
2, 83
Suppose -13*f + 121 + 295 = 0. Let a = -28 + f. What are the prime factors of 13*(-5 + a)*-3*3?
3, 13
What are the prime factors of (-17670)/(-8) - ((-328)/32 - -8)?
3, 11, 67
Suppose 12 + 18 = 5*v + 4*q, -5 = -q. Let k(s) = 0 - 3*s**v - s**2 - 12 + 9*s**2. List the prime factors of k(6).
2, 3, 7
Let t = -268 - -516. Let b(p) = -717*p + 5. Let c be b(-1). Suppose -c = -6*u - t. What are the prime factors of u?
79
Let p(j) = 3*j - 30. Suppose -338 = -6*x - 158. List the prime factors of p(x).
2, 3, 5
Let q(p) = -p + 2. Let z(o) = -78*o - 3. Let i(b) = 2*q(b) - z(b). What are the prime factors of i(4)?
311
Let j(x) = 2*x**2 - 2*x + 9. Let a be j(4). Suppose -34 = r - a. List the prime factors of -1*(r - (3 + 147)).
151
Let u = 20 + -15. Suppose 2*z - 4*f - 1308 = 5*z, -4*z = u*f + 1744. What are the prime factors of (3 - 7/2)/(2/z)?
109
Let l be -2*((-86)/(-4) - 2). Suppose -3*a = -2*y + 99, 3*y - a = -4*a + 171. Let k = l + y. What are the prime factors of k?
3, 5
Suppose 21*w - 4151 = 5614. Suppose -g - 4*t + 160 = 0, -8*t - w = -3*g - 5*t. What are the prime factors of g?
2, 3, 13
Let f = 2127 + -1063. Suppose 0*h - 3*h = -5*v + 5180, -v - 5*h = -f. What are the prime factors of v?
1039
Let z be (-9 - -8)/((-2)/10). Suppose 218 = -o + 2*o - z*d, -5*o - d = -1220. What are the prime factors of o?
3
Suppose 32*k - 129966 = 110418. List the prime factors of k.
2, 3, 313
Let u be ((-42)/56)/((-1)/4). Suppose -w + 4*w = -u, -5*r - 4*w = -211. What are the prime factors of r?
43
Let u(r) = -60*r + 129. Let z be u(-21). Suppose -4*x - 15*j + 10*j = -z, -1018 = -3*x + j. List the prime factors of x.
11, 31
List the prime factors of -5 + (2913 - 2) - (-8 - -3).
41, 71
Let d = -186 - -185. What are the prime factors of (-19)/(1*d*(-4)/(-76))?
19
Let d(y) = 53*y**3 + 19*y**2 - 90*y - 51. What are the prime factors of d(5)?
6599
Let y be (-45)/6*16/(-24). Suppose y*t + 2*l - 415 = 0, 